{"id":6343,"date":"2019-01-25T16:23:26","date_gmt":"2019-01-25T16:23:26","guid":{"rendered":"https:\/\/lavallee.ch\/product\/masque-contour-des-yeux-prevention\/"},"modified":"2019-01-25T16:23:26","modified_gmt":"2019-01-25T16:23:26","slug":"masque-contour-des-yeux-prevention","status":"publish","type":"product","link":"https:\/\/lavallee.ch\/fr\/produit\/masque-contour-des-yeux-prevention\/","title":{"rendered":"Masque Contour des Yeux Pr\u00e9vention"},"content":{"rendered":"","protected":false},"excerpt":{"rendered":"<p>A base d\u2019un puissant m\u00e9lange d\u2019antioxydants, ce masque pr\u00e9ventif agit contre les radicaux libres. Sa formule sp\u00e9cialement adapt\u00e9e pour respecter la zone sensible du contour des yeux agit comme un film protecteur tout en nourrissant la peau. <\/p>\n","protected":false},"featured_media":6283,"template":"","meta":[],"indications":[151,203,204,146],"ingredients":[237],"product_cat":[231],"product_tag":[],"acf":[],"_links":{"self":[{"href":"https:\/\/lavallee.ch\/fr\/wp-json\/wp\/v2\/product\/6343"}],"collection":[{"href":"https:\/\/lavallee.ch\/fr\/wp-json\/wp\/v2\/product"}],"about":[{"href":"https:\/\/lavallee.ch\/fr\/wp-json\/wp\/v2\/types\/product"}],"wp:featuredmedia":[{"embeddable":true,"href":"https:\/\/lavallee.ch\/fr\/wp-json\/wp\/v2\/media\/6283"}],"wp:attachment":[{"href":"https:\/\/lavallee.ch\/fr\/wp-json\/wp\/v2\/media?parent=6343"}],"wp:term":[{"taxonomy":"indications","embeddable":true,"href":"https:\/\/lavallee.ch\/fr\/wp-json\/wp\/v2\/indications?post=6343"},{"taxonomy":"ingredients","embeddable":true,"href":"https:\/\/lavallee.ch\/fr\/wp-json\/wp\/v2\/ingredients?post=6343"},{"taxonomy":"product_cat","embeddable":true,"href":"https:\/\/lavallee.ch\/fr\/wp-json\/wp\/v2\/product_cat?post=6343"},{"taxonomy":"product_tag","embeddable":true,"href":"https:\/\/lavallee.ch\/fr\/wp-json\/wp\/v2\/product_tag?post=6343"}],"curies":[{"name":"wp","href":"https:\/\/api.w.org\/{rel}","templated":true}]}}

Masque Contour des Yeux Prévention

<p>A base d’un puissant mélange d’antioxydants, ce masque préventif agit contre les radicaux libres. Sa formule spécialement adaptée pour respecter la zone sensible du contour des yeux agit comme un film protecteur tout en nourrissant la peau. </p>
